19
What are the prime factors of 32844671?
71, 73, 6337
What are the prime factors of 89515836?
2, 3, 2486551
List the prime factors of 52329878.
2, 593, 44123
List the prime factors of 1510594451.
1510594451
List the prime factors of 217594863.
3, 8059069
What are the prime factors of 44455774?
2, 11, 439, 4603
List the prime factors of 43191108.
2, 3, 563, 2131
What are the prime factors of 3786686660?
2, 5, 73, 2593621
List the prime factors of 29353720.
2, 5, 11, 66713
What are the prime factors of 2828579565?
3, 5, 7, 151, 178403
List the prime factors of 15197604.
2, 3, 281, 4507
What are the prime factors of 2931903095?
5, 11, 7069, 7541
What are the prime factors of 2196933401?
13, 173, 976849
What are the prime factors of 189322253?
83, 691, 3301
List the prime factors of 685387944.
2, 3, 53, 293, 613
What are the prime factors of 327917575?
5, 59, 222317
List the prime factors of 5673011736.
2, 3, 7, 33767927
List the prime factors of 383717288.
2, 179, 267959
What are the prime factors of 2835792563?
2835792563
List the prime factors of 175452131.
199, 881669
What are the prime factors of 165352934?
2, 19, 23, 277, 683
List the prime factors of 320965738.
2, 160482869
What are the prime factors of 975803860?
2, 5, 48790193
What are the prime factors of 412028151?
3, 1091, 125887
What are the prime factors of 1180656?
2, 3, 911
What are the prime factors of 62622027?
3, 13, 311, 1721
List the prime factors of 22642783.
41, 552263
What are the prime factors of 256483724?
2, 7, 503, 18211
List the prime factors of 4423466331.
3, 14843, 33113
List the prime factors of 3835191735.
3, 5, 71, 1200373
What are the prime factors of 230165805?
3, 5, 17, 902611
What are the prime factors of 650526594?
2, 3, 108421099
List the prime factors of 144891389.
144891389
List the prime factors of 862570058.
2, 7, 23, 2678789
What are the prime factors of 10839010?
2, 5, 7, 13, 43, 277
List the prime factors of 2066196587.
7, 13, 37, 613661
What are the prime factors of 4130967?
3, 31, 43, 1033
List the prime factors of 551337249.
3, 2777, 66179
What are the prime factors of 1451833552?
2, 13, 577, 12097
List the prime factors of 1422659776.
2, 67, 331777
List the prime factors of 16419041.
313, 52457
What are the prime factors of 267199956?
2, 3, 7422221
List the prime factors of 3795966959.
829, 4578971
What are the prime factors of 209995840?
2, 5, 656237
List the prime factors of 7916646512.
2, 5333, 92779
What are the prime factors of 41342296?
2, 5167787
List the prime factors of 157649022.
2, 3, 8758279
What are the prime factors of 6152239741?
72031, 85411
List the prime factors of 938242964.
2, 234560741
List the prime factors of 129046511.
11, 59, 198839
List the prime factors of 3889359584.
2, 11, 19, 677, 859
What are the prime factors of 8926008251?
8926008251
List the prime factors of 179434398.
2, 3, 11, 13, 16087
List the prime factors of 6061082499.
3, 199, 376021
What are the prime factors of 130163742?
2, 3, 7231319
List the prime factors of 7113302.
2, 7, 23, 22091
What are the prime factors of 305431421?
23, 53, 71, 3529
What are the prime factors of 556649557?
556649557
What are the prime factors of 3121227781?
7, 445889683
List the prime factors of 154802242.
2, 7, 251, 44053
What are the prime factors of 1099628891?
1099628891
What are the prime factors of 67152139?
29, 127, 18233
List the prime factors of 48363317.
17, 31, 91771
List the prime factors of 108436236.
2, 3, 1471, 6143
What are the prime factors of 43925863?
367, 119689
List the prime factors of 8221370848.
2, 47, 5466337
What are the prime factors of 111279644?
2, 7, 47, 84559
What are the prime factors of 111735096?
2, 3, 11, 67, 6317
What are the prime factors of 9538530?
2, 3, 5, 17, 59, 317
List the prime factors of 37465999.
29, 1291931
List the prime factors of 1866969926.
2, 933484963
What are the prime factors of 7491542?
2, 3745771
What are the prime factors of 18939429?
3, 2104381
List the prime factors of 2247534612.
2, 3, 62431517
List the prime factors of 489844603.
53, 727, 12713
List the prime factors of 49151652.
2, 3, 11, 33851
List the prime factors of 62209390.
2, 5, 43, 199, 727
List the prime factors of 13279694.
2, 23, 288689
What are the prime factors of 229180024?
2, 31, 43, 21491
List the prime factors of 121420172.
2, 30355043
List the prime factors of 1264510804.
2, 43, 7351807
What are the prime factors of 16941615?
3, 5, 1129441
What are the prime factors of 584342575?
5, 23373703
List the prime factors of 320730460.
2, 5, 16036523
List the prime factors of 1064962520.
2, 5, 191, 139393
List the prime factors of 23234444.
2, 17, 101, 199
What are the prime factors of 105762518?
2, 52881259
List the prime factors of 203875460.
2, 5, 907, 11239
List the prime factors of 37960741.
7, 13, 23, 2591
List the prime factors of 1061618025.
3, 5, 13, 1088839
List the prime factors of 27559044.
2, 3, 19, 43, 937
What are the prime factors of 1359563047?
883, 1019, 1511
List the prime factors of 462611415.
3, 5, 7, 43, 102461
What are the prime factors of 111787311?
3, 37262437
What are the prime factors of 4848096887?
149, 32537563
List the prime factors of 482049277.
347, 1389191
List the prime factors of 394213043.
7, 59, 113, 8447
What are the prime factors of 2164167820?
2, 5, 108208391
What are the prime factors of 1064747890?
2, 5, 37, 883, 3259
List the prime factors of 4694709534.
2, 3, 24091, 32479
List the prime factors of 48175499.
48175499
What are the prime factors of 2369401569?
3, 7129, 36929
What are the prime factors of 64029022?
2, 83, 367, 1051
List the prime factors of 618701818.
2, 7, 44192987
What are the prime factors of 3199122?
2, 3, 59243
List the prime factors of 236176581.
3, 23, 1697, 2017
What are the prime factors of 1459630969?
149, 809, 12109
What are the prime factors of 468835570?
2, 5, 7, 6697651
List the prime factors of 1456646233.
7, 9629, 21611
List the prime factors of 201799111.
71, 101, 107, 263
What are the prime factors of 868030404?
2, 3, 17, 47, 90533
List the prime factors of 10321222.
2, 809, 6379
What are the prime factors of 2403342024?
2, 3, 83, 1206497
What are the prime factors of 230587076?
2, 47, 61, 20107
What are the prime factors of 2968892872?
2, 11, 33737419
What are the prime factors of 6361616448?
2, 3, 11, 334681
What are the prime factors of 86437516?
2, 11, 29, 67741
What are the prime factors of 60857273?
60857273
What are the prime factors of 114109089?
3, 38036363
List the prime factors of 109709684.
2, 7, 43, 91121
What are the prime factors of 902428815?
3, 5, 29, 61, 71, 479
What are the prime factors of 6825302?
2, 11, 199, 1559
What are the prime factors of 97855975?
5, 7, 559177
What are the prime factors of 658522478?
2, 7717, 42667
List the prime factors of 88495527.
3, 37, 107, 7451
What are the prime factors of 977412727?
79, 239, 51767
What are the prime factors of 1875523318?
2, 3119, 300661
List the prime factors of 656430510.
2, 3, 5, 21881017
List the prime factors of 2934037604.
2, 47, 557, 28019
List the prime factors of 219704896.
2, 41, 101, 829
List the prime factors of 878002343.
878002343
List the prime factors of 5920537.
7, 271, 3121
List the prime factors of 202829752.
2, 853, 29723
List the prime factors of 6937271869.
11, 4591, 137369
List the prime factors of 246571117.
13, 31, 611839
List the prime factors of 118148287.
118148287
List the prime factors of 4025327548.
2, 11, 91484717
List the prime factors of 106373988.
2, 3, 7, 23, 18353
List the prime factors of 393862196.
2, 7, 13, 331, 467
List the prime factors of 238701876.
2, 3, 7, 223, 12743
List the prime factors of 61845392.
2, 7, 197, 2803
What are the prime factors of 60539219?
13, 367, 12689
List the prime factors of 106415241.
3, 173, 379, 541
List the prime factors of 98219383.
73, 1345471
What are the prime factors of 722864842?
2, 7, 19, 113, 24049
What are the prime factors of 23605323?
3, 7, 43, 26141
What are the prime factors of 7558653499?
89, 84928691
What are the prime factors of 330055049?
227, 839, 1733
List the prime factors of 162775126.
2, 89, 914467
List the prime factors of 35808251.
79, 453269
What are the prime factors of 784343679?
3, 7, 31, 79, 101, 151
List the